{"id":2913,"date":"2022-03-14T08:16:39","date_gmt":"2022-03-14T08:16:39","guid":{"rendered":"https:\/\/stellarindex.hu\/?page_id=2913"},"modified":"2022-10-24T13:41:17","modified_gmt":"2022-10-24T13:41:17","slug":"home","status":"publish","type":"page","link":"https:\/\/stellarindex.hu\/","title":{"rendered":"Home"},"content":{"rendered":"\t\t<div data-elementor-type=\"wp-page\" data-elementor-id=\"2913\" class=\"elementor elementor-2913\" data-elementor-post-type=\"page\">\n\t\t\t\t\t\t<section class=\"elementor-section elementor-top-section elementor-element elementor-element-63bc788 elementor-section-boxed elementor-section-height-default elementor-section-height-default\" data-id=\"63bc788\" data-element_type=\"section\" data-settings=\"{&quot;background_background&quot;:&quot;classic&quot;}\">\n\t\t\t\t\t\t<div class=\"elementor-container elementor-column-gap-no\">\n\t\t\t\t\t<div class=\"elementor-column elementor-col-100 elementor-top-column elementor-element elementor-element-2c6eeba\" data-id=\"2c6eeba\" data-element_type=\"column\">\n\t\t\t<div class=\"elementor-widget-wrap elementor-element-populated\">\n\t\t\t\t\t\t<section class=\"elementor-section elementor-inner-section elementor-element elementor-element-ed4ce26 elementor-section-height-full elementor-section-content-middle elementor-reverse-mobile elementor-section-boxed elementor-section-height-default\" data-id=\"ed4ce26\" data-element_type=\"section\">\n\t\t\t\t\t\t<div class=\"elementor-container elementor-column-gap-default\">\n\t\t\t\t\t<div class=\"elementor-column elementor-col-50 elementor-inner-column elementor-element elementor-element-2317fe7\" data-id=\"2317fe7\" data-element_type=\"column\">\n\t\t\t<div class=\"elementor-widget-wrap elementor-element-populated\">\n\t\t\t\t\t\t<div class=\"elementor-element elementor-element-9fe867b grve-elementor-align-left elementor-widget elementor-widget-impeka_slogan\" data-id=\"9fe867b\" data-element_type=\"widget\" data-widget_type=\"impeka_slogan.default\">\n\t\t\t\t<div class=\"elementor-widget-container\">\n\t\t\t<div data-animation=\"fade-in-left\" data-delay=\"200\" data-duration=\"normal\" class=\"grve-element grve-slogan grve-animated-item\"><h1 class=\"grve-slogan-title grve-h1\" style=\"\"><span>Kulcs az emberekhez<\/span><\/h1><p class=\"\">Kik a val\u00f3di kulcsemberek? Felt\u00e9rk\u00e9pezz\u00fck a szervezetet, megtal\u00e1ljuk a legf\u00e9nyesebb \u00e9s a rejtetten ragyog\u00f3 szt\u00e1rokat is<\/p><div class=\"grve-btn-wrapper\"><a href=\"https:\/\/humantask.hu\/online-meeting-booking\/\" class=\"grve-btn grve-round grve-bg-grey grve-border-grey grve-bg-hover-black grve-border-hover-black grve-pulse grve-text-dark-grey grve-text-hover-white grve-shadow-small grve-btn-medium grve-with-svg-icon-arrow-1\">\r\n\t\t<div class=\"grve-btn-inner\">\r\n\t\t<span>T\u00f6bbet szeretn\u00e9k tudni err\u0151l a szolg\u00e1ltat\u00e1sr\u00f3l<\/span>\r\n\t\t\t\t\t\t\t<div class=\"grve-btn-svg-icon\">\r\n\t\t\t\t\t\t<svg width=\"12px\" height=\"12px\" viewBox=\"0 0 12 12\">\r\n\t\t\t\t<polygon points=\"3.6 0 10 6 3.6 12 2 10.5 6.8 6 2 1.5\"><\/polygon>\r\n\t\t\t<\/svg>\r\n\t\t\t\t\t\t\t\t<\/div>\r\n\t\t\t\t\t<\/div>\r\n\t<\/a><\/div><\/div>\t\t<\/div>\n\t\t\t\t<\/div>\n\t\t\t\t<div class=\"elementor-element elementor-element-ec0cd92 elementor-widget elementor-widget-text-editor\" data-id=\"ec0cd92\" data-element_type=\"widget\" data-widget_type=\"text-editor.default\">\n\t\t\t\t<div class=\"elementor-widget-container\">\n\t\t\t<style>\/*! elementor - v3.20.0 - 20-03-2024 *\/\n.elementor-widget-text-editor.elementor-drop-cap-view-stacked .elementor-drop-cap{background-color:#69727d;color:#fff}.elementor-widget-text-editor.elementor-drop-cap-view-framed .elementor-drop-cap{color:#69727d;border:3px solid;background-color:transparent}.elementor-widget-text-editor:not(.elementor-drop-cap-view-default) .elementor-drop-cap{margin-top:8px}.elementor-widget-text-editor:not(.elementor-drop-cap-view-default) .elementor-drop-cap-letter{width:1em;height:1em}.elementor-widget-text-editor .elementor-drop-cap{float:left;text-align:center;line-height:1;font-size:50px}.elementor-widget-text-editor .elementor-drop-cap-letter{display:inline-block}<\/style>\t\t\t\t<p>Jelenleg partnereinkn\u00e9l B\u00c9TA tesztel\u00fcnk, hamarosan bemutatjuk valid\u00e1lt m\u00e9r\u0151eszk\u00f6z\u00fcnk!<\/p>\t\t\t\t\t\t<\/div>\n\t\t\t\t<\/div>\n\t\t\t\t\t<\/div>\n\t\t<\/div>\n\t\t\t\t<div class=\"elementor-column elementor-col-50 elementor-inner-column elementor-element elementor-element-67acbf5\" data-id=\"67acbf5\" data-element_type=\"column\">\n\t\t\t<div class=\"elementor-widget-wrap elementor-element-populated\">\n\t\t\t\t\t\t<div class=\"elementor-element elementor-element-4b9114b grve-elementor-align-left elementor-widget elementor-widget-impeka_image_single\" data-id=\"4b9114b\" data-element_type=\"widget\" data-widget_type=\"impeka_image_single.default\">\n\t\t\t\t<div class=\"elementor-widget-container\">\n\t\t\t<div data-animation=\"fade-in-right\" data-delay=\"300\" data-duration=\"normal\" class=\"grve-element grve-image grve-animated-item\">\r\n\t<div class=\"grve-image-item\">\r\n\t\t\r\n\r\n<div class=\"grve-image-wrapper grve-none\">\r\n\t\t<div class=\"grve-thumbnail-wrapper\"  style=\"width: 800px;\"><div class=\"grve-thumbnail\"  style=\"padding-top: 75%;\"><img fetchpriority=\"high\" decoding=\"async\" width=\"800\" height=\"600\" src=\"https:\/\/stellarindex.hu\/wp-content\/uploads\/2022\/06\/stellar-hero-picture.png\" class=\"attachment-full size-full grve-lazy-load lazyload\" alt=\"\" srcset=\"https:\/\/stellarindex.hu\/wp-content\/themes\/impeka\/images\/empty\/empty.png\" data-column-space=\"auto\" data-lazyload=\"\" data-grve-filter=\"yes\" data-src=\"https:\/\/stellarindex.hu\/wp-content\/uploads\/2022\/06\/stellar-hero-picture.png\" data-sizes=\"auto\" data-srcset=\"https:\/\/stellarindex.hu\/wp-content\/uploads\/2022\/06\/stellar-hero-picture.png 1x,https:\/\/stellarindex.hu\/wp-content\/uploads\/2022\/06\/stellar-hero-picture.png 2x\" data-expand=\"1\" \/><\/div><\/div>\t<\/div>\r\n\t<\/div>\r\n<\/div>\r\n\t\t<\/div>\n\t\t\t\t<\/div>\n\t\t\t\t\t<\/div>\n\t\t<\/div>\n\t\t\t\t\t<\/div>\n\t\t<\/section>\n\t\t\t\t\t<\/div>\n\t\t<\/div>\n\t\t\t\t\t<\/div>\n\t\t<\/section>\n\t\t\t\t<\/div>\n\t\t","protected":false},"excerpt":{"rendered":"<p>Kulcs az emberekhez Kik a val\u00f3di kulcsemberek? Felt\u00e9rk\u00e9pezz\u00fck a szervezetet, megtal\u00e1ljuk a legf\u00e9nyesebb \u00e9s a rejtetten ragyog\u00f3 szt\u00e1rokat is T\u00f6bbet szeretn\u00e9k tudni err\u0151l a szolg\u00e1ltat\u00e1sr\u00f3l Jelenleg partnereinkn\u00e9l B\u00c9TA tesztel\u00fcnk, hamarosan bemutatjuk valid\u00e1lt m\u00e9r\u0151eszk\u00f6z\u00fcnk!<\/p>\n","protected":false},"author":1,"featured_media":28,"parent":0,"menu_order":0,"comment_status":"closed","ping_status":"closed","template":"elementor_canvas","meta":{"footnotes":""},"class_list":["post-2913","page","type-page","status-publish","has-post-thumbnail","hentry","grve-entry-item"],"_links":{"self":[{"href":"https:\/\/stellarindex.hu\/index.php?rest_route=\/wp\/v2\/pages\/2913","targetHints":{"allow":["GET"]}}],"collection":[{"href":"https:\/\/stellarindex.hu\/index.php?rest_route=\/wp\/v2\/pages"}],"about":[{"href":"https:\/\/stellarindex.hu\/index.php?rest_route=\/wp\/v2\/types\/page"}],"author":[{"embeddable":true,"href":"https:\/\/stellarindex.hu\/index.php?rest_route=\/wp\/v2\/users\/1"}],"replies":[{"embeddable":true,"href":"https:\/\/stellarindex.hu\/index.php?rest_route=%2Fwp%2Fv2%2Fcomments&post=2913"}],"version-history":[{"count":19,"href":"https:\/\/stellarindex.hu\/index.php?rest_route=\/wp\/v2\/pages\/2913\/revisions"}],"predecessor-version":[{"id":2947,"href":"https:\/\/stellarindex.hu\/index.php?rest_route=\/wp\/v2\/pages\/2913\/revisions\/2947"}],"wp:featuredmedia":[{"embeddable":true,"href":"https:\/\/stellarindex.hu\/index.php?rest_route=\/wp\/v2\/media\/28"}],"wp:attachment":[{"href":"https:\/\/stellarindex.hu\/index.php?rest_route=%2Fwp%2Fv2%2Fmedia&parent=2913"}],"curies":[{"name":"wp","href":"https:\/\/api.w.org\/{rel}","templated":true}]}}